d derivative of 1/120*j**6 + 0*j - 1/6*j**3 + 1/20*j**5 + 0 - 2*j**2 - 5/24*j**4. Determine o(i).
3
Let m be (-1 - 36/(-16))*-4. Suppose -7*q = 5*q - 48. Let p(d) = -4*d**2 - 8*d + 8. Let o(h) = -3*h**2 - 7*h + 7. Let b(j) = m*o(j) + q*p(j). Calculate b(3).
-3
Let i = -9 - -2. Let r(t) = 2*t**2 - 7*t + 2. Let s(w) = -4*w**2 + 13*w - 3. Let n(h) = i*r(h) - 4*s(h). What is n(4)?
18
Let o be 2*(3 + -2 - -1 - 6). Let s(b) = 9*b - 11. Let w(j) = 14*j - 17. Let i(f) = o*s(f) + 5*w(f). Determine i(3).
-3
Let f be (14 - -1)*12/(-18). Let p be (-3 - f) + -4 - 3. Let i(y) = y**2 + y + 19. What is i(p)?
19
Suppose 4*h - 20 = -4*m, -7*h + 4*h + 13 = 5*m. Let d(j) = -j + 1. Give d(h).
-5
Let a(w) = w**3 + 5*w**2 - 6*w. Let f be a(-6). Let g = 66 - 64. Let h(o) = -8 - 6*o**2 + f*o**2 - 3*o**2 + 6*o + 2*o**g + o**3. Calculate h(6).
-8
Let v = -29/4 + 73/10. Let x(q) be the second derivative of -q**2 + 1/3*q**4 + 0 - v*q**5 + 1/2*q**3 - 9*q. Calculate x(5).
-12
Let i(l) = 3*l + l - l + 0*l - 2*l. Determine i(-8).
-8
Let y(g) = -g**3 + 6*g**2 - 3*g + 6. Let x = -298 - -304. What is y(x)?
-12
Let k(q) be the first derivative of 3*q**2/2 + 10*q + 10. Let p = -4 - -8. Let n(r) = -8*r - 29. Let x(j) = p*n(j) + 11*k(j). Calculate x(0).
-6
Suppose 5*v + 24 = v. Let j(q) = 2*q + 15. Suppose -14 = 4*d - 2*r, -5 = 3*d - 2*r + 8. Let n(s) = -1. Let z(a) = d*j(a) - 6*n(a). What is z(v)?
3
Let s = 26 - 0. Let u = s - 19. Let t(f) = -f**2 + 7*f + 8. Give t(u).
8
Let y(m) = m**2 + 26*m + 48. Let n = 1122 - 1146. Determine y(n).
0
Let z(a) = -2*a**2 + 4*a + 6. Let r(b) = -39*b + 355. Let k be r(9). What is z(k)?
-10
Let r(s) = -6*s**2 - s. Let z(w) = w**2 + w + 1. Suppose -4*l = -2*a - 46, -2*l - 3*l = -3*a - 58. Let u = 10 - l. Let i(v) = u*z(v) - r(v). Calculate i(-1).
4
Let y be 22/(-2) + (9 - 7). Let d be (-3)/y*-2 + 16/(-3). Let j(s) = -s**3 - 7*s**2 - 7*s - 4. Give j(d).
2
Let h(t) be the second derivative of -t**5/120 + t**4/24 + t**3/2 + 12*t. Let s(y) be the second derivative of h(y). Calculate s(4).
-3
Suppose -3*h - b = 33, 2*h - 5*b = -0*h - 22. Let k(z) = -3*z - 7*z - z**2 + 10 - 2. Determine k(h).
-3
Let y be 9/6*16/6. Let g(p) = -p + 4. Let f be g(y). Let b(s) = 2 + 3 - s**2 + s**3 + s - 1. What is b(f)?
4
Let a(r) = r**3 + r + 1. Let h be a(0). Let m(q) = -5*q - 2. Calculate m(h).
-7
Let t be (-11)/11*(2 + 1). Let i(s) be the first derivative of s**4/4 + s**3 - 3*s**2/2 + 74. Give i(t).
9
Let m(t) = t**2 + t - 12. Suppose a + 4*a - 138 = 4*p, 2*a - 45 = 5*p. Let r be 3*(-1)/2*-20. Let w = a - r. What is m(w)?
-12
Let n(r) = -r**2 + 4*r + 2. Let l be (2/6)/((-20 - -8)/(-180)). Calculate n(l).
-3
Suppose 5*m - 3 = 2*a, -4*a - 4*m + 14 - 6 = 0. Let i(w) = 6*w + 1. What is i(a)?
7
Let l(o) = -o + 1. Let a be l(5). Let h(r) be the third derivative of -r**6/120 - r**5/20 + r**4/12 + 7*r**2 - 4*r. Give h(a).
8
Let t(m) = m**3 - 4*m**2 - 5*m - 3. Let y(w) = -2*w**2 + 5*w + 18. Let p(g) = g**2 - 6*g - 19. Let b(h) = -3*p(h) - 2*y(h). Let o be b(-4). What is t(o)?
-3
Let v(u) = u**2 - 5*u - 8. Let j be v(7). Let r be 2/(-6) - 70/j. Let b be (-2)/r + 38/(-12). Let n(d) = d + 1. Determine n(b).
-2
Let d be (-1 + (-4)/(-6))*-78 - 0. Suppose -2*m - 18 = -d. Let z(x) = 6*x - 4. Calculate z(m).
20
Let u = 8 - 7. Let g(z) = -2*z + 0 - 2 + 0 + u. Give g(3).
-7
Let p(q) = 2*q**2 - 3*q**2 + 2*q**2 - 1. Suppose 5*x - 5*s - 84 = -8*s, -x + 4*s = -26. Let z be (-1)/(-2*1) + x/12. Determine p(z).
3
Let o(r) = r - 2. Let q(h) = h - 26. Let w be q(12). Let u be w/(-6*(-5)/15). Give o(u).
-9
Let c(v) = -v**2 - 17*v - 28. Let t be c(-15). Let d(x) = -25*x + 1. What is d(t)?
-49
Let o(p) = 14*p**3 - 10*p**2 + 11*p + 1. Let i(q) = 5*q**3 - 3*q**2 + 4*q. Suppose 21*y + 40 = -44. Let d(f) = y*o(f) + 11*i(f). Let z = 3 - -4. Determine d(z).
-4
Let a(z) be the third derivative of 1/12*z**4 + 0 + 14*z**2 + 0*z + 1/3*z**3. Suppose -5*r + 5 = -5*q, -3*q = 5*r - 0*r - 13. Determine a(r).
6
Let z(k) = -k + 29. Let v be z(13). Suppose -4*c + v = -0*c. Let m(t) = t - 9. Determine m(c).
-5
Let h(b) = 2*b - 6*b - 354 + 175 + 177. What is h(-1)?
2
Let r(c) = 3*c + 27. Let l(w) = 4*w + 40. Let n(h) = 5*l(h) - 7*r(h). Let p be (-98)/(-8) + (11/(-88))/((-2)/(-4)). Give n(p).
-1
Let q(u) = 23*u + 162. Let a be q(-7). Let t(k) = 10*k**2 + 2*k - 1. What is t(a)?
11
Let v(f) = -8*f. Let b(u) = -u**2 - 10*u - 15. Let d be b(-10). Let r = d + 22. Suppose r - 5 = -2*c. Determine v(c).
8
Let h(p) = p + 1. Suppose 10 - 5 = -r. Let b(s) = -3*s - 19. Let v be b(r). Calculate h(v).
-3
Let a(p) be the third derivative of -p**4/24 + p**3/3 - 13*p**2. Let k = 6 + -3. Let g(b) = b**3 - 3*b**2 - b + 3. Let o be g(k). Determine a(o).
2
Let n(y) be the third derivative of y**4/6 + 7*y**3/3 - 35*y**2. Let v be n(-4). Let r(p) = 7*p + 3. What is r(v)?
-11
Let z(o) = -4*o**2 - o + 1. Let m(x) be the third derivative of -x**4/8 + 7*x**3/6 + 12*x**2. Let l be m(2). Calculate z(l).
-4
Let c(f) = -f + 7. Let n(m) = -14. Let r(g) = 5. Let d(b) = 6*n(b) + 17*r(b). Let u(t) = -2*c(t) + 14*d(t). Determine u(4).
8
Let g = -5 - -26. Let s = g - 17. Let f(k) = -3 + 3*k + 2*k - 4*k. Calculate f(s).
1
Let q(l) be the second derivative of -l**5/20 + l**4/2 - l**3/6 + 4*l**2 + l - 137. What is q(6)?
2
Let y = -2549 - -2553. Let j(u) = u**2 + 11*u - 66. Give j(y).
-6
Let z(l) = l**2 + 13*l + 8. Let c be z(-14). Let y = -23 + c. Let x(k) = -14*k**2 + k + 1. Determine x(y).
-14
Let h(o) = -41*o**2 - o**3 + 119*o**2 - 39*o**2 - 42*o**2. Calculate h(-4).
16
Let i(k) = -3*k**3 - 2*k**2 + k + 2. Let j be i(-1). Let l(x) = 8*x + 6*x - 18*x + j + 5*x. Let n be (-2)/(-2) - (-2 - -1). Give l(n).
4
Let f be (-2)/6*(3 + -3)/10. Let u(n) be the second derivative of f + 0*n**2 + n - 13/6*n**3. Determine u(-1).
13
Suppose 3*f - 16 = f. Let z(m) = -17*m**3 - 3*m**2 + 21*m + 6. Let s(n) = 48*n**3 + 10*n**2 - 61*n - 17. Let q(v) = 6*s(v) + 17*z(v). Determine q(f).
-8
Let l(s) be the third derivative of -1/120*s**6 - 16*s**2 + 0*s + 2/3*s**3 + 1/15*s**5 + 0 + 1/8*s**4. Give l(5).
-6
Let j(w) be the second derivative of w**6/720 - w**5/24 - 7*w**4/12 + 8*w. Let x(v) be the third derivative of j(v). Calculate x(6).
1
Let s(m) be the first derivative of -m**4/12 - m**3/3 + m**2 + 3*m - 4. Let d(x) be the first derivative of s(x). Suppose -2*g - 4 = 4. Determine d(g).
-6
Let k(a) = a**2 + 18*a + 4. Let d(i) = -i**2 - 16*i - 5. Let g(b) = 5*d(b) + 4*k(b). Determine g(-9).
-18
Suppose -f = -3*w + 8, -5*f - 5 = -4*w + 2. Let l(y) = -y**2 + 8*y + 2. Let g be l(8). Let d(i) = i**2 - i + 0*i**2 - 4*i**2 + 0*i**g + 1. Determine d(f).
-3
Let y(a) be the first derivative of -a**4/4 - 5*a**3/3 - 3*a**2/2 - 2*a - 18. Calculate y(-4).
-6
Let q(b) be the third derivative of -b**2 + 7 + 0*b - 1/24*b**4 + 2*b**3. Determine q(0).
12
Let g be -4 + 2 + 3 + 3. Let r(k) = 3*k**2 + 4*k + 3. Let x(y) = -2*y**2 - 4*y - 2. Let n(f) = -3*r(f) - 4*x(f). Calculate n(g).
-1
Suppose 0 = 8*u + 410 + 86. Let s = u + 63. Let n(o) = -15*o**2 + o. Give n(s).
-14
Let i(h) be the first derivative of -h**3/3 + 20*h - 104. Give i(0).
20
Let n = 775 - 776. Let x(y) = 8*y**2 - 1. Calculate x(n).
7
Let x(i) be the third derivative of i**5/20 - i**4/12 + i**3/6 + i**2. Let j = 23 - 22. Calculate x(j).
2
Let r be 24/10 + 4/(-10). Suppose -3*h - 1 - r = 0. Let b(t) be the second derivative of -5*t**4/6 + t**3/3 + t**2/2 - 554*t - 2. Calculate b(h).
-11
Let m(d) = -d + 1. Suppose 3*g + 4*s + 27 = 0, 0 = 3*s + 2*s. Let b = g - -16. Determine m(b).
-6
Let b = -280 + 283. Let k(z) = 10*z + 3. Give k(b).
33
Suppose -5*h = -8*h - 27. Let z be 3/(-27)*3*h. Let g(d) = -z*d + 5*d + 33 - 35. Determine g(-3).
-8
Let f(k) = -6 - 9*k + 3*k + 3*k + 5*k + 1. Calculate f(8).
11
Let i(u) = u**3 + 11*u**2 + u + 14. Let m(r) = 23*r + 127. Let d be m(-6). Determine i(d).
3
Let l(z) = 2*z**2 + z - 1. Let w(f) = 13*f**2 - 4*f - 7. Let n(c) = -6*l(c) + w(c). Give n(9).
-10
Let a = 1 - -1. Suppose 7*b = a*b + 15. Suppose -2*p + b*p + 3*s + 6 = 0, 5*s = -5*p - 10. Let w(h) = -h**3 - h**2 - 15. Calculate w(p).
-15
Let s be (164/(-12))/(2/12). Let l = s - -75. Let n(v) = -v**2 - 6*v + 8. What is n(l)?
1
Let w(p) = -p**3 - 20*p**2 - 19*p**2 + 43*p**2 + 2*p**3 + 5. Let u be 6*(16/(-6))/4. Calculate w(u).
5
Let d(s) = s**3 - 7*s**2 